{"id":42,"date":"2015-05-03T18:54:04","date_gmt":"2015-05-03T18:54:04","guid":{"rendered":"http:\/\/ivb-gmbh.com\/?page_id=42"},"modified":"2018-05-11T07:22:50","modified_gmt":"2018-05-11T07:22:50","slug":"bodenbelaege","status":"publish","type":"page","link":"https:\/\/longericher-parkett.de\/?page_id=42","title":{"rendered":"Bodenbel\u00e4ge"},"content":{"rendered":"<p>Parkett ist ein langlebiger und lebendiger Fu\u00dfbodenbelag aus Holz. Neben der zeitlosen Sch\u00f6nheit echten Holzes verbreitet der Parkettfu\u00dfboden W\u00e4rme und Behaglichkeit. Parkett ist belastbar, nat\u00fcrlich, umweltfreundlich, pflegeleicht und ist der einzige Bodenbelag, der durch mehrfache Renovierung jederzeit wieder in Form gebracht werden kann.<\/p>\n<div style=\"width:100%;height:20px;background-color:transparent;\"><\/div>\n<section id=\"exemple\" class=\"container\">\n<div class=\"wrap small-width\">\n<div id=\"try\"><\/div>\n<ul id=\"box-container\">\n<li class=\"box\"><a class=\"swipebox\" title=\"\" href=\"wp-content\/uploads\/2015\/05\/longerich_470_2.jpg\"><br \/>\n<img decoding=\"async\" src=\"wp-content\/uploads\/2015\/05\/longerich_470_2.jpg\" alt=\"image\" \/><br \/>\n<\/a><\/li>\n<li class=\"box\"><a class=\"swipebox\" title=\"\" href=\"wp-content\/uploads\/2015\/05\/longerich_470_3.jpg\"><br \/>\n<img decoding=\"async\" src=\"wp-content\/uploads\/2015\/05\/longerich_470_3.jpg\" alt=\"image\" \/><br \/>\n<\/a><\/li>\n<li class=\"box\"><a class=\"swipebox\" title=\"\" href=\"wp-content\/uploads\/2015\/05\/longerich_470_4.jpg\"><br \/>\n<img decoding=\"async\" src=\"wp-content\/uploads\/2015\/05\/longerich_470_4.jpg\" alt=\"image\" \/><br \/>\n<\/a><\/li>\n<li class=\"box\"><a class=\"swipebox\" title=\"\" href=\"wp-content\/uploads\/2015\/05\/longerich_470_6.jpg\"><br \/>\n<img decoding=\"async\" src=\"wp-content\/uploads\/2015\/05\/longerich_470_6.jpg\" alt=\"image\" \/><br \/>\n<\/a><\/li>\n<li class=\"box\"><a class=\"swipebox\" title=\"\" href=\"wp-content\/uploads\/2015\/05\/longerich_470_7.jpg\"><br \/>\n<img decoding=\"async\" src=\"wp-content\/uploads\/2015\/05\/longerich_470_7.jpg\" alt=\"image\" \/><br \/>\n<\/a><\/li>\n<li class=\"box\"><a class=\"swipebox\" title=\"\" href=\"wp-content\/uploads\/2015\/05\/longerich_470_8.jpg\"><br \/>\n<img decoding=\"async\" src=\"wp-content\/uploads\/2015\/05\/longerich_470_8.jpg\" alt=\"image\" \/><br \/>\n<\/a><\/li>\n<li class=\"box\"><a class=\"swipebox\" title=\"\" href=\"wp-content\/uploads\/2015\/05\/longerich_470_9.jpg\"><br \/>\n<img decoding=\"async\" src=\"wp-content\/uploads\/2015\/05\/longerich_470_9.jpg\" alt=\"image\" \/><br \/>\n<\/a><\/li>\n<li class=\"box\"><a class=\"swipebox\" title=\"\" href=\"wp-content\/uploads\/2015\/05\/longerich_470_10.jpg\"><br \/>\n<img decoding=\"async\" src=\"wp-content\/uploads\/2015\/05\/longerich_470_10.jpg\" alt=\"image\" \/><br \/>\n<\/a><\/li>\n<li class=\"box\"><a class=\"swipebox\" title=\"\" href=\"wp-content\/uploads\/2015\/05\/longerich_470_11.jpg\"><br \/>\n<img decoding=\"async\" src=\"wp-content\/uploads\/2015\/05\/longerich_470_11.jpg\" alt=\"image\" \/><br \/>\n<\/a><\/li>\n<li class=\"box\"><a class=\"swipebox\" title=\"\" href=\"wp-content\/uploads\/2015\/05\/longerich_470_13.jpg\"><br \/>\n<img decoding=\"async\" src=\"wp-content\/uploads\/2015\/05\/longerich_470_13.jpg\" alt=\"image\" \/><br \/>\n<\/a><\/li>\n<\/ul>\n<\/div>\n<\/section>\n","protected":false},"excerpt":{"rendered":"<p>Parkett ist ein langlebiger und lebendiger Fu\u00dfbodenbelag aus Holz. Neben der zeitlosen Sch\u00f6nheit echten Holzes verbreitet der Parkettfu\u00dfboden W\u00e4rme und Behaglichkeit. Parkett ist belastbar, nat\u00fcrlich, umweltfreundlich, pflegeleicht und ist der einzige Bodenbelag, der durch mehrfache Renovierung jederzeit wieder in Form gebracht werden kann.<\/p>\n","protected":false},"author":1,"featured_media":0,"parent":0,"menu_order":2,"comment_status":"open","ping_status":"open","template":"fullpage.php","meta":{"footnotes":""},"class_list":["post-42","page","type-page","status-publish","hentry"],"_links":{"self":[{"href":"https:\/\/longericher-parkett.de\/index.php?rest_route=\/wp\/v2\/pages\/42","targetHints":{"allow":["GET"]}}],"collection":[{"href":"https:\/\/longericher-parkett.de\/index.php?rest_route=\/wp\/v2\/pages"}],"about":[{"href":"https:\/\/longericher-parkett.de\/index.php?rest_route=\/wp\/v2\/types\/page"}],"author":[{"embeddable":true,"href":"https:\/\/longericher-parkett.de\/index.php?rest_route=\/wp\/v2\/users\/1"}],"replies":[{"embeddable":true,"href":"https:\/\/longericher-parkett.de\/index.php?rest_route=%2Fwp%2Fv2%2Fcomments&post=42"}],"version-history":[{"count":47,"href":"https:\/\/longericher-parkett.de\/index.php?rest_route=\/wp\/v2\/pages\/42\/revisions"}],"predecessor-version":[{"id":751,"href":"https:\/\/longericher-parkett.de\/index.php?rest_route=\/wp\/v2\/pages\/42\/revisions\/751"}],"wp:attachment":[{"href":"https:\/\/longericher-parkett.de\/index.php?rest_route=%2Fwp%2Fv2%2Fmedia&parent=42"}],"curies":[{"name":"wp","href":"https:\/\/api.w.org\/{rel}","templated":true}]}}