{"id":418,"date":"2015-07-14T13:00:32","date_gmt":"2015-07-14T13:00:32","guid":{"rendered":"http:\/\/vdr-fachverlag.de\/longericher\/?page_id=418"},"modified":"2015-08-06T09:24:15","modified_gmt":"2015-08-06T09:24:15","slug":"oberflachenbehandlung","status":"publish","type":"page","link":"https:\/\/longericher-parkett.de\/?page_id=418","title":{"rendered":"Oberfl\u00e4chenbehandlung"},"content":{"rendered":"<p>\u00d6l, Wachs oder Lack sorgen f\u00fcr einen gl\u00e4nzenden Auftritt!<\/p>\n<p>Wer seine R\u00e4ume mit Parkettboden versch\u00f6nert, sollte nach dem Verlegen auf das richtige Finish achten. Jedes Parkett braucht eine geeignete Oberfl\u00e4chenbehandlung, denn erst sie sch\u00fctzt das Holz vor Kratzern, Flecken und Schmutz. Die oft gestellte Frage nach \u00d6l, Wachs oder Lack ist dabei vor allem Geschmackssache. Die meisten B\u00f6den werden mit Lack versiegelt, doch auch \u00d6l oder Wachs haben Vorz\u00fcge. <\/p>\n<p>Hier stellen wir die Alternativen vor:<\/p>\n<p><strong>\u00d6l &#8211; die klassische Methode<\/strong><br \/>\nDie matte Optik ge\u00f6lter B\u00f6den liegt aktuell im Trend. Au\u00dferdem betont \u00d6l die nat\u00fcrliche Struktur des Holzes. Das \u00d6len verhindert, dass andere Fl\u00fcssigkeiten in die Holzoberfl\u00e4che einsickern k\u00f6nnen, bildet darauf aber keinen Film wie das Versiegeln. Die offenen Poren des Holzes k\u00f6nnen Luftfeuchtigkeit ungehindert aufnehmen und abgeben \u2013 gut f\u00fcr das Raumklima. Ein ge\u00f6lter Boden ist etwas empfindlicher, daf\u00fcr k\u00f6nnen einzelne Stellen bei Besch\u00e4digung problemlos repariert werden. Ge\u00f6ltes Parkett sollte regelm\u00e4\u00dfig poliert und zwei bis drei Mal im Jahr mit einem speziellen Pflege\u00f6l nachbehandelt werden.<\/p>\n<p><strong>Wachs &#8211; die nat\u00fcrliche Alternative<\/strong><br \/>\nWachs wirkt Wasser abweisend, ist meist geruchsneutral und ver\u00e4ndert die nat\u00fcrliche Holzf\u00e4rbung nur wenig. Zugleich erh\u00e4lt Wachs ebenso wie \u00d6l die atmungsaktive Eigenschaft des Holzes. Etwa ein Mal im Jahr sollte der Boden mit Pflegewachs nachbehandelt werden. Dabei ist Sorgfalt gefragt, denn bei zu dicker Wachsschicht kann der Boden rutschig und klebrig werden. Wachs ist schwieriger zu verarbeiten als \u00d6l, aber daf\u00fcr ist es nach dem Auspolieren schnell einsatzbereit.<\/p>\n<p><strong>Lack &#8211; die dauerhafte L\u00f6sung<\/strong><br \/>\nEin mit Lack versiegelter Parkettboden ist dauerhaft vor eindringender Feuchtigkeit und Abrieb gesch\u00fctzt. Der Lack bildet eine geschlossene und widerstandsf\u00e4hige Schicht. Auch durch die Lackschicht \u201eatmet\u201c das Holz noch. In der Regel wird eine Grundierung vor dem so genannten Decksiegel aufgetragen.<\/p>\n<p>Nach der Versiegelung muss der Lack mehrere Tage aush\u00e4rten, bevor man den Boden wieder betreten kann.<\/p>\n<p>Die Reinigung ist unkompliziert: Staubsaugen oder Ausfegen mit dem Besen reicht meist. Gegen Flecken hilft nebelfeuchtes Wischen mit etwas Pflegemittel.<\/p>\n<p>Nachteil: ist die Lackschicht an einer Stelle besch\u00e4digt, muss sie komplett abgeschliffen und ersetzt werden. Im Schnitt ben\u00f6tigt versiegeltes Parkett aber erst nach 15 Jahren einen neuen Lack.<\/p>\n","protected":false},"excerpt":{"rendered":"<p>\u00d6l, Wachs oder Lack sorgen f\u00fcr einen gl\u00e4nzenden Auftritt! Wer seine R\u00e4ume mit Parkettboden versch\u00f6nert, sollte nach dem Verlegen auf das richtige Finish achten. Jedes Parkett braucht eine geeignete Oberfl\u00e4chenbehandlung, denn erst sie sch\u00fctzt das Holz vor Kratzern, Flecken und Schmutz. Die oft gestellte Frage nach \u00d6l, Wachs oder Lack ist dabei vor allem Geschmackssache. [&hellip;]<\/p>\n","protected":false},"author":1,"featured_media":0,"parent":0,"menu_order":0,"comment_status":"open","ping_status":"open","template":"fullpage.php","meta":{"footnotes":""},"class_list":["post-418","page","type-page","status-publish","hentry"],"_links":{"self":[{"href":"https:\/\/longericher-parkett.de\/index.php?rest_route=\/wp\/v2\/pages\/418","targetHints":{"allow":["GET"]}}],"collection":[{"href":"https:\/\/longericher-parkett.de\/index.php?rest_route=\/wp\/v2\/pages"}],"about":[{"href":"https:\/\/longericher-parkett.de\/index.php?rest_route=\/wp\/v2\/types\/page"}],"author":[{"embeddable":true,"href":"https:\/\/longericher-parkett.de\/index.php?rest_route=\/wp\/v2\/users\/1"}],"replies":[{"embeddable":true,"href":"https:\/\/longericher-parkett.de\/index.php?rest_route=%2Fwp%2Fv2%2Fcomments&post=418"}],"version-history":[{"count":2,"href":"https:\/\/longericher-parkett.de\/index.php?rest_route=\/wp\/v2\/pages\/418\/revisions"}],"predecessor-version":[{"id":467,"href":"https:\/\/longericher-parkett.de\/index.php?rest_route=\/wp\/v2\/pages\/418\/revisions\/467"}],"wp:attachment":[{"href":"https:\/\/longericher-parkett.de\/index.php?rest_route=%2Fwp%2Fv2%2Fmedia&parent=418"}],"curies":[{"name":"wp","href":"https:\/\/api.w.org\/{rel}","templated":true}]}}