{"id":415,"date":"2015-07-14T13:00:23","date_gmt":"2015-07-14T13:00:23","guid":{"rendered":"http:\/\/vdr-fachverlag.de\/longericher\/?page_id=415"},"modified":"2015-08-06T09:23:51","modified_gmt":"2015-08-06T09:23:51","slug":"verlegemuster","status":"publish","type":"page","link":"https:\/\/longericher-parkett.de\/?page_id=415","title":{"rendered":"Verlegemuster"},"content":{"rendered":"<style>\n#resp_bilder img {\nwidth:171px;\nmargin-right:20px;\n}\nhr.trenn {\nwidth:100%;\nheight:20px;\nclear:both;\nbackground-color:transparent;\n}<\/p>\n<p>@media (min-width: 501px) and (max-width: 9999px) {\n.resp_l {\nfloat:left;\n}\n}<\/p>\n<p>@media (min-width: 0px) and (max-width: 500px) {\n    .resp_1 {\n        clear:none !important;\n    }\n}<\/p>\n<\/style>\n<div id=\"resp_bilder\">\n<div class=\"resp_l\">\n<a href=\"wp-content\/uploads\/2015\/07\/v_engl.gif\"><img loading=\"lazy\" decoding=\"async\" class=\"alignnone size-full wp-image-429\" src=\"wp-content\/uploads\/2015\/07\/v_engl.gif\" alt=\"v_engl\" width=\"171\" height=\"130\" \/><\/a>\n<\/div>\n<div class=\"resp_2\">\n<strong>Englischer Verband \/ Oxford-Verband<\/strong><br \/>\nBeim Englischen Verband werden die Parkettst\u00e4be um die H\u00e4lfte versetzt parallel zu einander verlegt, um zwei Drittel versetzt sind sie hingegen beim \u00e4hnlich aussehenden Oxford-Verband.\n<\/div>\n<hr class=\"trenn\">\n<div class=\"resp_l\">\n<a href=\"wp-content\/uploads\/2015\/07\/v_altde.gif\"><img loading=\"lazy\" decoding=\"async\" class=\"alignnone size-full wp-image-428\" src=\"wp-content\/uploads\/2015\/07\/v_altde.gif\" alt=\"v_altde\" width=\"171\" height=\"130\" \/><\/a>\n<\/div>\n<div class=\"resp_2\">\n<strong>Altdeutscher Verband \/ Burgunder Verband<\/strong><br \/>\n\u00c4hnlich wie der Englische Verband funktioniert der Altdeutsche Verband, jedoch werden hier die St\u00e4be doppelt nebeneinander gelegt. An den Kopfst\u00f6\u00dfen wird ein verk\u00fcrzter, um 90 Grad gedrehter Stab dazwischen verlegt, wodurch ein Flechtmuster entsteht. Beim Burgunder Verband bilden zwei St\u00e4be den Zwischenraum.\n<\/div>\n<hr class=\"trenn\">\n<div class=\"resp_l\">\n<a href=\"wp-content\/uploads\/2015\/07\/v_fisch.gif\"><img loading=\"lazy\" decoding=\"async\" class=\"alignnone size-full wp-image-430\" src=\"wp-content\/uploads\/2015\/07\/v_fisch.gif\" alt=\"v_fisch\" width=\"171\" height=\"130\" \/><\/a>\n<\/div>\n<div class=\"resp_2\">\n<strong>Fischgr\u00e4tmuster<\/strong><br \/>\nDieses klassische Verlegemuster produziert interessante Lichtspiele und erinnert optisch \u2013 wie der Name bereits verr\u00e4t \u2013 an die Gr\u00e4ten von Fischen. Das Muster eignet sich besonders f\u00fcr gro\u00dfe R\u00e4ume. \u00c4hnliches gilt f\u00fcr Doppel- und Dreifachfischgr\u00e4t.\n<\/div>\n<hr class=\"trenn\">\n<div class=\"resp_l\" style=\"float:left;\">\n<a href=\"wp-content\/uploads\/2015\/07\/v_leiter.gif\"><img loading=\"lazy\" decoding=\"async\" class=\"alignnone size-full wp-image-432\" src=\"wp-content\/uploads\/2015\/07\/v_leiter.gif\" alt=\"v_leiter\" width=\"171\" height=\"130\" \/><\/a>\n<\/div>\n<div class=\"resp_2\">\n<strong>Leitermuster<\/strong><br \/>\nDieses Muster besteht aus einer Reihe parallel nebeneinander liegender St\u00e4be, die sich mit einer quer dazu liegenden Einzel-Reihe abwechseln.\n<\/div>\n<hr class=\"trenn\">\n<div class=\"resp_l\">\n<a href=\"wp-content\/uploads\/2015\/07\/v_wuerfel.gif\"><img loading=\"lazy\" decoding=\"async\" class=\"alignnone size-full wp-image-435\" src=\"wp-content\/uploads\/2015\/07\/v_wuerfel.gif\" alt=\"v_wuerfel\" width=\"171\" height=\"130\" \/><\/a>\n<\/div>\n<div class=\"resp_2\">\n<strong>W\u00fcrfelmuster<\/strong><br \/>\nHierbei werden einzelne St\u00e4be zu Quadraten zusammengef\u00fcgt, deren Richtung abwechselnd um 90 Grad versetzt ist. Dabei entsteht die Optik eines Schachbrettes. Die W\u00fcrfelform ist eines der beliebtesten Verlegemuster f\u00fcr Parkett.\n<\/div>\n<hr class=\"trenn\">\n<div class=\"resp_l\">\n<a href=\"wp-content\/uploads\/2015\/07\/v_schiff.gif\"><img loading=\"lazy\" decoding=\"async\" class=\"alignnone size-full wp-image-434\" src=\"wp-content\/uploads\/2015\/07\/v_schiff.gif\" alt=\"v_schiff\" width=\"171\" height=\"130\" \/><\/a>\n<\/div>\n<div class=\"resp_2\">\n<strong>Schiffsboden<\/strong><br \/>\nDer Schiffsboden-Verband wird auch als &#8222;Wilder Verband&#8220; bezeichnet. Er besteht aus parallel verlegten Elementen mit versetzten St\u00f6\u00dfen, wodurch optisch die Planken auf einem Schiffsdeck dargestellt werden.\n<\/div>\n<hr class=\"trenn\">\n<div class=\"resp_l\">\n<a href=\"wp-content\/uploads\/2015\/07\/v_parallel.gif\"><img loading=\"lazy\" decoding=\"async\" class=\"alignnone size-full wp-image-433\" src=\"wp-content\/uploads\/2015\/07\/v_parallel.gif\" alt=\"v_parallel\" width=\"171\" height=\"130\" \/><\/a>\n<\/div>\n<div class=\"resp_2\">\n<strong>Parallel-Verband<\/strong><br \/>\nDie St\u00e4be werden auf gleicher H\u00f6he parallel verlegt.\n<\/div>\n<hr class=\"trenn\">\n<div class=\"resp_l\">\n<a href=\"wp-content\/uploads\/2015\/07\/v_flecht.gif\"><img loading=\"lazy\" decoding=\"async\" class=\"alignnone size-full wp-image-431\" src=\"wp-content\/uploads\/2015\/07\/v_flecht.gif\" alt=\"v_flecht\" width=\"171\" height=\"130\" \/><\/a>\n<\/div>\n<div class=\"resp_2\">\n<strong>Flechtmuster<\/strong><br \/>\nDurch nebeneinander paralleles Anbringen von St\u00e4ben (2-4) und rechtwinkliger Drehung solcher Pakete zueinander entsteht eine Flechtoptik.\n<\/div>\n<\/div>\n","protected":false},"excerpt":{"rendered":"<p>Englischer Verband \/ Oxford-Verband Beim Englischen Verband werden die Parkettst\u00e4be um die H\u00e4lfte versetzt parallel zu einander verlegt, um zwei Drittel versetzt sind sie hingegen beim \u00e4hnlich aussehenden Oxford-Verband. Altdeutscher Verband \/ Burgunder Verband \u00c4hnlich wie der Englische Verband funktioniert der Altdeutsche Verband, jedoch werden hier die St\u00e4be doppelt nebeneinander gelegt. An den Kopfst\u00f6\u00dfen wird [&hellip;]<\/p>\n","protected":false},"author":1,"featured_media":0,"parent":0,"menu_order":0,"comment_status":"open","ping_status":"open","template":"fullpage.php","meta":{"footnotes":""},"class_list":["post-415","page","type-page","status-publish","hentry"],"_links":{"self":[{"href":"https:\/\/longericher-parkett.de\/index.php?rest_route=\/wp\/v2\/pages\/415","targetHints":{"allow":["GET"]}}],"collection":[{"href":"https:\/\/longericher-parkett.de\/index.php?rest_route=\/wp\/v2\/pages"}],"about":[{"href":"https:\/\/longericher-parkett.de\/index.php?rest_route=\/wp\/v2\/types\/page"}],"author":[{"embeddable":true,"href":"https:\/\/longericher-parkett.de\/index.php?rest_route=\/wp\/v2\/users\/1"}],"replies":[{"embeddable":true,"href":"https:\/\/longericher-parkett.de\/index.php?rest_route=%2Fwp%2Fv2%2Fcomments&post=415"}],"version-history":[{"count":42,"href":"https:\/\/longericher-parkett.de\/index.php?rest_route=\/wp\/v2\/pages\/415\/revisions"}],"predecessor-version":[{"id":752,"href":"https:\/\/longericher-parkett.de\/index.php?rest_route=\/wp\/v2\/pages\/415\/revisions\/752"}],"wp:attachment":[{"href":"https:\/\/longericher-parkett.de\/index.php?rest_route=%2Fwp%2Fv2%2Fmedia&parent=415"}],"curies":[{"name":"wp","href":"https:\/\/api.w.org\/{rel}","templated":true}]}}